lculate the greatest common divisor of z and 40.
8
Let c(x) = 2*x**2 + 10*x - 25. Let i be c(-15). What is the highest common factor of 75 and i?
25
Suppose d - 5*d = 24. Let c(n) = -8*n + 1. Let m be c(d). Let q be 12/((-16)/4) + m. Calculate the highest common factor of q and 23.
23
Let i be 20*(5 - 189/35). Let u(w) be the third derivative of w**5/60 + w**4/12 + 4*w**3/3 + w**2. Let f be u(i). What is the highest common divisor of f and 7?
7
Suppose -p = 3*v - 8 - 15, -3*v + 4*p + 28 = 0. Calculate the highest common factor of v and 232.
8
Let k be 6 + -3 + 6 + 82. Calculate the highest common divisor of 39 and k.
13
Let u(d) = 2*d**2 - 2*d. Let j be u(-3). Let h(y) = 12 - 23 + y**2 + 35. Let f be h(12). What is the highest common divisor of j and f?
24
Let w = -32 + 92. Suppose z - w = -4*z. Let r(m) = -29*m**3 - 2*m - 1. Let t be r(-1). Calculate the greatest common divisor of t and z.
6
Suppose 14*u = 15*u - 198. Suppose -5*f - u = -14*f. What is the highest common factor of 2 and f?
2
Let c = 67 - 55. Let u be ((-27)/36)/((-1)/c). What is the greatest common divisor of 18 and u?
9
Let i = -608 + 618. Calculate the greatest common divisor of 530 and i.
10
Suppose 27 = -4*j + 7*j. Let o(i) = i**3 - 4*i**2 - 4*i - 9. Let q be o(j). Calculate the highest common factor of q and 24.
24
Let c = 306 - 286. Suppose -4*u = -27 + 7. Suppose -5*f - u = -c. What is the highest common divisor of f and 33?
3
Let i be 1 - -1*3/3. Suppose -10 = -i*x + 6. Let h be (-1 + -1)/(x/(-4)). Calculate the highest common divisor of 3 and h.
1
Let y be 2/7 - (-16768)/112. Calculate the highest common divisor of y and 525.
75
Suppose 5 = 5*b + 5*n, 5 = 5*b + 3*n - 8. Let w = 3 + b. What is the highest common factor of 8 and w?
8
Let o(d) = 25*d - 74. Let k be o(8). What is the highest common divisor of k and 56?
14
Let r = 312 - 306. Calculate the greatest common divisor of 222 and r.
6
Let t be 0 + 2 + -5 + 33. Let o be (-4)/(-6) - 3182/(-6). Suppose -3*r + t = -o. What is the highest common divisor of r and 17?
17
Let i be 1*(-1 + 3) - -1. Suppose -i*p = -20 - 13. Let k = p + -3. Calculate the highest common factor of k and 88.
8
Let h(c) = -c**3 + 2*c + 2. Let y be h(-2). What is the greatest common factor of y and 360?
6
Let q(j) = j**2 + 6*j - 100. Let f be q(8). What is the highest common factor of 16 and f?
4
Suppose 19 = 10*a - 21. Suppose -a*x + 318 = 5*r - 3*x, 4*x - 138 = -2*r. Calculate the greatest common factor of r and 7.
7
Let d be 60/(-16)*(-35 + -13). Calculate the highest common factor of d and 990.
90
Let o(q) = -q - 2. Let y be o(-4). Let f be (y/4)/((-2)/(-60)). Calculate the greatest common divisor of 6 and f.
3
Suppose 26 = -4*m + 3*l + 368, 0 = 5*l + 10. Let y = 27 + -36. Let f = y - -21. What is the greatest common factor of f and m?
12
Suppose s = -0*s + x + 61, -4*x + 140 = 2*s. Let o = s + -42. Calculate the highest common factor of 176 and o.
22
Suppose 22*s + 15876 = 36*s. What is the greatest common factor of 42 and s?
42
Suppose -1944 = -214*u + 178*u. What is the greatest common factor of 1458 and u?
54
Let o = 7 - 0. Let b = 9 - o. Suppose 4*d - 26 = -b. What is the highest common divisor of d and 66?
6
Let h(q) = 170*q - 6. Let v be h(1). Calculate the highest common divisor of 123 and v.
41
Let i = 62 + -44. Suppose -5*m + 10 = 0, -23 - 21 = -3*d + 5*m. Calculate the greatest common divisor of d and i.
18
Let d = -571 + 580. Suppose 3*h - 49 = 2*h + c, 4*c = -4*h + 164. What is the highest common divisor of d and h?
9
Suppose -6*y - 60 = -2*y. Let j = 8 + y. Let t = j + 11. Calculate the greatest common factor of 1 and t.
1
Let u be (-21)/(-2 + (-95)/(-46)). Suppose 9*v - 4*h = 6*v - 671, -2*v = 2*h + 424. Let f = v - u. What is the greatest common factor of 21 and f?
21
Let n = -391 + 566. Suppose 4*w - n = -w. Calculate the greatest common divisor of w and 7.
7
Suppose -2*c + 3*c + 5*p = 213, -2*p = -4*c + 918. Calculate the highest common factor of c and 12.
12
Let m be (0 + -1)/((-1)/261). Suppose -155*a - 54 = -156*a + 5*j, 0 = -2*a + 5*j + 83. What is the greatest common divisor of a and m?
29
Suppose 4*g + 550 = -2*w, 0 = 3*g - 2*w + 3*w + 411. Suppose 28*f = 24*f - 292. Let t = f - g. Calculate the greatest common divisor of t and 7.
7
Suppose -21*n + 1925 + 5887 = 0. Calculate the greatest common factor of n and 2.
2
Suppose -6*i + 9 = 15. Let o(b) = -107*b + 1. Let n be o(i). Calculate the highest common factor of 12 and n.
12
Let f(x) = 6*x**2 - 24*x - 3. Let q be f(5). Calculate the greatest common factor of q and 297.
27
Suppose 20*y - 5*g = 22*y - 245, -2*g = 2. What is the greatest common divisor of y and 2?
1
Let h = 18 + -14. Let i = 0 - -1. Let x(l) = 4*l. Let p be x(i). Calculate the greatest common divisor of h and p.
4
Let i be (-506)/(-10) - (-12)/30. Let r be 10336/i*3/2. Calculate the highest common divisor of r and 38.
38
Suppose u + 0*q = 3*q + 4, -3*q = -3*u + 24. Suppose 8*p = u*p - 52. Let m = p - 13. Calculate the highest common factor of m and 65.
13
Let m(u) = -3*u - 9. Let f be m(-5). Suppose -i = -f*i + 30. Let h be (-79)/(-2) - 3/i. Calculate the greatest common divisor of 26 and h.
13
Suppose 2*r + 5*w - 2265 = 7*r, -4*r = -5*w + 1812. Let z = -321 - r. Suppose -6*h + 10*h = z. Calculate the greatest common factor of h and 11.
11
Let j(d) = 3*d + 5. Suppose -4*w + 9 = -3*k - 15, 2*w + 5*k + 14 = 0. Let p be j(w). Calculate the greatest common factor of p and 7.
7
Let f = -83 - -599. Calculate the greatest common divisor of 12 and f.
12
Suppose 0 = -o - l + 193, -o + 191 = -0*o + 2*l. Calculate the highest common factor of 117 and o.
39
Let y(v) be the third derivative of -v**6/8 + v**5/60 - v**4/24 - v**3/6 - 12*v**2. Let q be y(-1). What is the greatest common factor of 2 and q?
2
Let z = 106 - 99. Calculate the greatest common divisor of z and 189.
7
Let t(l) = 18*l**2 + 18*l - 50. Let m be t(4). Calculate the highest common divisor of m and 40.
10
Let o be (-2)/1 - (-2)/2. Let w be 4/6 + 6 + (-168)/9. Let g be (-39)/w - o/(-4). Calculate the greatest common divisor of 15 and g.
3
Let i be 7*((-42)/(-49) + (3 - -1)). What is the greatest common divisor of 170 and i?
34
Let o = -219 - -244. Suppose 3*b = 5*b - 2*x, b = -2*x + 6. Let d be (-63)/(-12) - b/8. Calculate the highest common divisor of d and o.
5
Suppose 0 = -3*b - 90 + 243. Suppose h + 11 = b. What is the highest common divisor of 70 and h?
10
Suppose -2*a = -a - 2. Let m be (-8)/(-3)*a*36/12. What is the highest common divisor of 16 and m?
16
Suppose -5*q + 56 = 3*b, -104 = -2*b - 3*b - 3*q. Suppose 5*r - 7 - 8 = 0. Suppose -k + r*k = 22. What is the highest common factor of k and b?
11
Let i = -1804 + 1834. What is the highest common factor of 2265 and i?
15
Let a = 21 - 17. Let m be 44 - (8/a + 2). Suppose -m*k + 12 = -39*k. Calculate the highest common divisor of k and 48.
12
Suppose w - 15 = 4*t + 143, -3*w = -2*t - 464. Calculate the highest common divisor of w and 14.
14
Suppose -18*h + 20*h = -22. Let s be 14/77 + (-295)/h. Suppose 26 = 4*j + 5*q, -3*q - 37 - 14 = -5*j. Calculate the greatest common divisor of j and s.
9
Suppose -s + 5*l = -3, 4*l - 59 = -2*s - 11. Calculate the greatest common factor of 90 and s.
18
Suppose -2 = -v - 34*w + 32*w, v - 30 = 5*w. Calculate the highest common divisor of 9 and v.
1
Suppose 0 = 253*o - 264*o + 913. What is the greatest common divisor of o and 2573?
83
Let t be (-72 + 69)*((-2)/3 + -1). Suppose -l - t = 3*c - 71, 3*c - 237 = -4*l. Calculate the highest common factor of l and 3.
3
Let m(n) = -6*n**2 - 45*n - 8. Let x be m(-7). What is the greatest common factor of x and 13?
13
Suppose -4*p + 0*g - 12 = 4*g, 3 = -p - 5*g. Let i be 5 - (p - -7) - -5. What is the highest common factor of 6 and i?
6
Let w(j) = j**3 - 15*j**2 + 14*j. Let h be w(14). Suppose h = 4*a - 510 - 338. Suppose 4*p = a + 624. Calculate the highest common divisor of 19 and p.
19
Suppose 4*u - 8 = 5*x, -2*x + 2*u = -0*u + 4. Suppose -9*j + x*j + 108 = 0. Calculate the highest common factor of 12 and j.
12
Let r = 94 + -127. Let c = r - -78. What is the highest common divisor of c and 18?
9
Suppose 2*t + 7 = -q, 0 = -0*t + 5*t + 15. Let m be -10 + 9 + 1*(q + 3). Calculate the greatest common factor of m and 3